{"version":"1.0","provider_name":"National Forest Centre","provider_url":"https:\/\/web.nlcsk.org\/en\/","author_name":"Igor Viszlai","author_url":"https:\/\/web.nlcsk.org\/en\/author\/igor-viszlai\/","title":"Mo\u017enos\u0165 particip\u00e1cie na pr\u00edprave N\u00e1rodn\u00e9ho lesn\u00edckeho programu - N\u00e1rodn\u00e9 lesn\u00edcke centrum","type":"rich","width":600,"height":338,"html":"<blockquote class=\"wp-embedded-content\"><a href=\"https:\/\/web.nlcsk.org\/en\/moznost-participacie-na-priprave-narodneho-lesnickeho-programu\/\">Mo\u017enos\u0165 particip\u00e1cie na pr\u00edprave N\u00e1rodn\u00e9ho lesn\u00edckeho programu<\/a><\/blockquote>\n<script type='text\/javascript'>\n<!--\/\/--><![CDATA[\/\/><!--\n\t\t\/*! This file is auto-generated *\/\n\t\t!function(d,l){\"use strict\";var e=!1,n=!1;if(l.querySelector)if(d.addEventListener)e=!0;if(d.wp=d.wp||{},!d.wp.receiveEmbedMessage)if(d.wp.receiveEmbedMessage=function(e){var t=e.data;if(t)if(t.secret||t.message||t.value)if(!\/[^a-zA-Z0-9]\/.test(t.secret)){for(var r,i,a,s=l.querySelectorAll('iframe[data-secret=\"'+t.secret+'\"]'),n=l.querySelectorAll('blockquote[data-secret=\"'+t.secret+'\"]'),o=new RegExp(\"^https?:$\",\"i\"),c=0;c<n.length;c++)n[c].style.display=\"none\";for(c=0;c<s.length;c++)if(r=s[c],e.source===r.contentWindow){if(r.removeAttribute(\"style\"),\"height\"===t.message){if(1e3<(a=parseInt(t.value,10)))a=1e3;else if(~~a<200)a=200;r.height=a}if(\"link\"===t.message)if(i=l.createElement(\"a\"),a=l.createElement(\"a\"),i.href=r.getAttribute(\"src\"),a.href=t.value,o.test(a.protocol))if(a.host===i.host)if(l.activeElement===r)d.top.location.href=t.value}}},e)d.addEventListener(\"message\",d.wp.receiveEmbedMessage,!1),l.addEventListener(\"DOMContentLoaded\",t,!1),d.addEventListener(\"load\",t,!1);function t(){if(!n){n=!0;for(var e,t,r=-1!==navigator.appVersion.indexOf(\"MSIE 10\"),i=!!navigator.userAgent.match(\/Trident.*rv:11\\.\/),a=l.querySelectorAll(\"iframe.wp-embedded-content\"),s=0;s<a.length;s++){if(!(e=a[s]).getAttribute(\"data-secret\"))t=Math.random().toString(36).substr(2,10),e.src+=\"#?secret=\"+t,e.setAttribute(\"data-secret\",t);if(r||i)(t=e.cloneNode(!0)).removeAttribute(\"security\"),e.parentNode.replaceChild(t,e)}}}}(window,document);\n\/\/--><!]]>\n<\/script><iframe sandbox=\"allow-scripts\" security=\"restricted\" src=\"https:\/\/web.nlcsk.org\/en\/moznost-participacie-na-priprave-narodneho-lesnickeho-programu\/embed\/\" width=\"600\" height=\"338\" title=\"&#8220;Mo\u017enos\u0165 particip\u00e1cie na pr\u00edprave N\u00e1rodn\u00e9ho lesn\u00edckeho programu&#8221; &#8212; N\u00e1rodn\u00e9 lesn\u00edcke centrum\" frameborder=\"0\" marginwidth=\"0\" marginheight=\"0\" scrolling=\"no\" class=\"wp-embedded-content\"><\/iframe>","description":"Jednou z\u00a0hlavn\u00fdch \u00faloh Ministerstva p\u00f4dohospod\u00e1rstva a\u00a0rozvoja vidieka Slovenskej republiky a\u00a0N\u00e1rodn\u00e9ho lesn\u00edckeho centra v\u00a0oblasti lesn\u00e9ho hospod\u00e1rstva je v\u00a0roku 2021 vypracova\u0165 nov\u00fd strategick\u00fd dokument \u2013 N\u00e1rodn\u00fd lesn\u00edcky program Slovenskej republiky pre obdobie rokov 2022-2030 s\u00a0podtitulom \u201eLesy pre spolo\u010dnos\u0165\u201c. Viac o procese pr\u00edpravy tohto dokumentu, spolu so z\u00e1kladn\u00fdmi inform\u00e1ciami o \u0148om, n\u00e1jdete na webovom s\u00eddle nlp.nlcsk.org. Toto nov\u00e9 [&hellip;]"}

Možnosť participácie na príprave Národného lesníckeho programu - Národné lesnícke centrum

<blockquote class="wp-embedded-content"><a href="https://web.nlcsk.org/en/moznost-participacie-na-priprave-narodneho-lesnickeho-programu/">Možnosť participácie na príprave Národného lesníckeho programu</a></blockquote>
<script type='text/javascript'>
<!--//--><![CDATA[//><!--
		/*! This file is auto-generated */
		!function(d,l){"use strict";var e=!1,n=!1;if(l.querySelector)if(d.addEventListener)e=!0;if(d.wp=d.wp||{},!d.wp.receiveEmbedMessage)if(d.wp.receiveEmbedMessage=function(e){var t=e.data;if(t)if(t.secret||t.message||t.value)if(!/[^a-zA-Z0-9]/.test(t.secret)){for(var r,i,a,s=l.querySelectorAll('iframe[data-secret="'+t.secret+'"]'),n=l.querySelectorAll('blockquote[data-secret="'+t.secret+'"]'),o=new RegExp("^https?:$","i"),c=0;c<n.length;c++)n[c].style.display="none";for(c=0;c<s.length;c++)if(r=s[c],e.source===r.contentWindow){if(r.removeAttribute("style"),"height"===t.message){if(1e3<(a=parseInt(t.value,10)))a=1e3;else if(~~a<200)a=200;r.height=a}if("link"===t.message)if(i=l.createElement("a"),a=l.createElement("a"),i.href=r.getAttribute("src"),a.href=t.value,o.test(a.protocol))if(a.host===i.host)if(l.activeElement===r)d.top.location.href=t.value}}},e)d.addEventListener("message",d.wp.receiveEmbedMessage,!1),l.addEventListener("DOMContentLoaded",t,!1),d.addEventListener("load",t,!1);function t(){if(!n){n=!0;for(var e,t,r=-1!==navigator.appVersion.indexOf("MSIE 10"),i=!!navigator.userAgent.match(/Trident.*rv:11\./),a=l.querySelectorAll("iframe.wp-embedded-content"),s=0;s<a.length;s++){if(!(e=a[s]).getAttribute("data-secret"))t=Math.random().toString(36).substr(2,10),e.src+="#?secret="+t,e.setAttribute("data-secret",t);if(r||i)(t=e.cloneNode(!0)).removeAttribute("security"),e.parentNode.replaceChild(t,e)}}}}(window,document);
//--><!]]>
</script><iframe sandbox="allow-scripts" security="restricted" src="https://web.nlcsk.org/en/moznost-participacie-na-priprave-narodneho-lesnickeho-programu/embed/" width="600" height="338" title="&#8220;Možnosť participácie na príprave Národného lesníckeho programu&#8221; &#8212; Národné lesnícke centrum" frameborder="0" marginwidth="0" marginheight="0" scrolling="no" class="wp-embedded-content"></iframe>

Jednou z hlavných úloh Ministerstva pôdohospodárstva a rozvoja vidieka Slovenskej republiky a Národného lesníckeho centra v oblasti lesného hospodárstva je v roku 2021 vypracovať nový strategický dokument – Národný lesnícky program Slovenskej republiky pre obdobie rokov 2022-2030 s podtitulom „Lesy pre spoločnosť“. Viac o procese prípravy tohto dokumentu, spolu so základnými informáciami o ňom, nájdete na webovom sídle nlp.nlcsk.org. Toto nové [&hellip;]
